*t**2 + 190*t + 2015. Determine c(-50).
15
Let i(y) = 4*y**2 + 257*y + 2374. Calculate i(-53).
-11
Let x(j) = 23*j**2 - 20*j - 120. Calculate x(-4).
328
Let r(w) = 4*w**2 + 460*w - 4359. Determine r(-124).
105
Let h(p) = -62*p**3 + 310*p**2 + 123*p - 612. Determine h(5).
3
Let l(i) = 10*i**2 + 151*i - 70. Give l(-20).
910
Let g(i) = -18*i**2 + 13*i - 128. Give g(7).
-919
Let c(k) = 6*k**2 + 209*k + 294. Give c(-35).
329
Let b(r) = 625*r + 23477. What is b(-38)?
-273
Let s(f) = f**2 - 215*f + 2425. Calculate s(208).
969
Let i(g) = -6*g**3 + 1302*g**2 - 2*g + 564. Give i(217).
130
Let q(a) = -a**3 + 115*a**2 - 81*a - 3789. Determine q(114).
-27
Let s(w) = 4*w**2 - 1643*w + 125982. Determine s(102).
12
Let j(v) = 552*v**2 - 1342*v + 556. Determine j(2).
80
Let j(h) = h**3 - 4*h**2 + 115*h - 214. Calculate j(2).
8
Let d(z) = -4654*z + 69818. What is d(15)?
8
Let o(b) = 3*b**3 - 43*b**2 + 47*b - 76. Calculate o(13).
-141
Let f(z) = 363*z - 207. What is f(-2)?
-933
Let q(v) = 4*v**3 + 154*v**2 + 62*v - 212. Determine q(-38).
320
Let l(j) = -153*j**2 - 3799*j - 3042. Give l(-24).
6
Let q(d) = 120212*d + 17550941. Calculate q(-146).
-11
Let l(j) = 49148*j - 786368. Determine l(16).
0
Let n(z) = 6*z**2 + 490*z + 7412. Determine n(-59).
-612
Let x(m) = 2338*m + 23430. Determine x(-10).
50
Let o(d) = -3*d**3 + 877*d**2 - 214*d - 22620. Calculate o(292).
156
Let z(t) = 57*t**2 + 1323*t + 467. Determine z(-23).
191
Let u(n) = -4*n**3 - 578*n**2 + 29078*n + 1094. Determine u(-184).
-10
Let j(n) = 974*n + 340106. Determine j(-349).
180
Let g(c) = c**3 + 8*c**2 - 158*c - 292. Calculate g(-17).
-207
Let y(c) = -c**2 - 1197*c + 52271. Calculate y(42).
233
Let d(o) = -3*o**3 + 697*o**2 - 2116*o - 39815. Give d(229).
31
Let k(h) = 3*h**2 - 108*h - 96. Give k(-6).
660
Let c(g) = 2*g**3 - 506*g**2 - 213698*g - 467. Determine c(-224).
-19
Let t(s) = 70816*s - 16570937. Calculate t(234).
7
Let d(a) = 157*a - 306. Determine d(-9).
-1719
Let q(p) = -p**2 - 85123*p - 2382664. Give q(-28).
-4
Let l(z) = -758*z - 3509. What is l(-7)?
1797
Let g(o) = 1060*o + 391276. Give g(-369).
136
Let c(w) = 143515*w + 287040. Calculate c(-2).
10
Let b(s) = -864*s + 3620. What is b(6)?
-1564
Let h(q) = -q**3 - 223*q**2 - 4238*q + 809. What is h(-202)?
1
Let r(h) = -h**3 + 52*h**2 - 392*h + 539. Give r(43).
324
Let a(v) = 7*v**2 + 2817*v + 67112. Give a(-377).
6
Let o(n) = -13544*n + 325059. Determine o(24).
3
Let c(q) = -q**2 + 5319*q + 955784. What is c(-174)?
2
Let l(z) = 4*z**2 - 33*z - 2440. Give l(-21).
17
Let f(d) = -9*d**2 + 291*d + 616. Calculate f(-2).
-2
Let o(s) = -s**2 - 55903*s - 2513606. Calculate o(-45).
4
Let u(h) = 766*h + 176869. Calculate u(-231).
-77
Let i(x) = -x**2 - 1759*x + 435408. Give i(220).
28
Let o(d) = d**3 + 32*d**2 - 232*d - 83. Calculate o(-38).
69
Let g(y) = -5694*y - 1804925. Give g(-317).
73
Let z(h) = 12*h**2 + 261*h - 6778. Determine z(-37).
-7
Let y(m) = -7*m**2 - 130*m + 627. Calculate y(5).
-198
Let p(t) = -1720*t + 417955. Give p(243).
-5
Let c(i) = -i**2 + 593*i - 11416. What is c(21)?
596
Let k(w) = -339495*w - 678990. What is k(-2)?
0
Let m(a) = 5*a**3 + 22*a**2 - 60*a - 74. Determine m(3).
79
Let a(i) = i**2 + 2211*i + 231128. Calculate a(-110).
18
Let u(z) = -17*z**2 - 1152*z + 102987. Give u(51).
18
Let l(d) = -7*d**2 - 675*d + 281. Give l(-96).
569
Let v(b) = -b**3 + 17*b**2 - 25*b + 91. Calculate v(16).
-53
Let y(a) = 2072*a - 4148. What is y(2)?
-4
Let p(f) = f**3 - 40*f**2 - 556*f - 937. Give p(-9).
98
Let v(n) = 2*n**3 - 569*n**2 + 4697*n - 1358. Determine v(276).
22
Let u(i) = -i**2 - 968*i + 26867. Calculate u(27).
2
Let k(d) = -2*d**3 + 7*d**2 + 144*d + 40. Calculate k(10).
180
Let g(j) = 65*j**2 - 2028*j + 126. What is g(31)?
-277
Let j(r) = -191832*r + 1534596. Calculate j(8).
-60
Let y(g) = -11112*g - 33063. Calculate y(-3).
273
Let s(j) = 72*j + 3895. What is s(-34)?
1447
Let p(o) = -5*o**2 + 964*o - 19934. Calculate p(170).
-554
Let y(s) = s**3 + 257*s**2 + 2243*s + 2840. What is y(-248)?
112
Let g(n) = -456817*n + 456811. Give g(1).
-6
Let n(h) = 66*h**2 + 188*h + 183. Determine n(-1).
61
Let s(a) = -6005*a + 38329. What is s(6)?
2299
Let d(n) = 584*n**2 + 72325*n - 11273. Give d(-124).
11
Let i(q) = -14*q**3 - 1206*q**2 - 174*q - 164. Calculate i(-86).
8
Let i(m) = -34394*m + 447129. Calculate i(13).
7
Let w(o) = -2*o**3 - 82*o**2 - 9826*o - 389845. Determine w(-40).
-5
Let a(b) = -4*b**3 - 617*b**2 + 18515*b - 4492. What is a(-180)?
8
Let a(k) = 5961*k - 53694. Calculate a(9).
-45
Let c(j) = 322*j + 12181. Calculate c(-38).
-55
Let w(l) = 262*l - 5481. Determine w(21).
21
Let d(k) = -21480*k - 42928. What is d(-2)?
32
Let p(m) = m**3 - 50*m**2 - 1180*m + 55920. Determine p(52).
-32
Let z(g) = -g**2 - 117060*g - 12. Determine z(0).
-12
Let o(d) = 393*d - 21770. What is o(62)?
2596
Let v(i) = i**3 - 381*i**2 - 375*i - 2668. Give v(382).
6
Let o(r) = 2*r**2 + 20542*r + 184801. Calculate o(-9).
85
Let n(z) = -3*z**3 + 3046*z**2 + 142039*z + 1053. Determine n(1060).
-7
Let h(s) = s**3 - 22*s**2 - 81*s + 2028. Determine h(21).
-114
Let w(y) = -12*y - 862. Calculate w(-62).
-118
Let i(t) = -3183*t - 19032. What is i(-6)?
66
Let l(o) = -11451*o - 12332. What is l(-1)?
-881
Let f(k) = -k**3 - 50*k**2 + 443*k + 12701. What is f(-54)?
443
Let z(s) = 2*s**3 + 76*s**2 + 14244*s + 475047. Give z(-34).
-1
Let o(y) = y**3 + 95*y**2 - 354*y + 419. Give o(-99).
-3739
Let z(r) = -102*r**2 + 45068*r + 7066. Calculate z(442).
-6
Let v(r) = 2790*r**2 - 13925*r - 16. Give v(5).
109
Let l(i) = i**2 - 1269*i + 47996. Give l(39).
26
Let b(g) = -215*g + 54688. What is b(253)?
293
Let q(m) = -m - 312. Calculate q(-308).
-4
Let b(c) = -c**2 - 297*c - 13559. Determine b(-57).
121
Let t(c) = 839*c + 25431. What is t(-30)?
261
Let l(s) = -49*s - 649. Determine l(-30).
821
Let k(a) = -a**3 - 30*a**2 + 24*a - 179. Calculate k(-31).
38
Let g(v) = 23708*v + 711242. Determine g(-30).
2
Let i(h) = 428*h + 4271. Give i(-7).
1275
Let n(q) = -430*q + 219669. Give n(511).
-61
Let c(t) = 2*t**2 + 31421*t - 4438138. Give c(140).
2
Let z(j) = -32*j**3 - 1952*j**2 + 49*j + 2990. Calculate z(-61).
1
Let l(r) = 118*r**2 - 1172*r - 85. What is l(10)?
-5
Let m(s) = 22*s**2 + 9907*s + 13021. Give m(-449).
0
Let u(o) = 36*o**3 - 6*o**2 + 68*o - 269. Calculate u(4).
2211
Let w(i) = 296*i - 18942. Determine w(64).
2
Let z(q) = 534*q + 18180. Determine z(-34).
24
Let b(h) = -92*h**3 - 735*h**2 + 18*h + 15. Calculate b(-8).
-65
Let r(j) = 25*j**3 - 2750*j**2 - 153. Determine r(110).
-153
Let q(z) = -41697*z - 792235. What is q(-19)?
8
Let l(i) = 21*i**3 - i**2 + 38*i - 92. Calculate l(3).
580
Let a(q) = -q**3 + 37*q**2 - 11*q - 215. What is a(36)?
685
Let j(t) = 31*t**3 - 2*t**2 - 112*t - 119. Determine j(-1).
-40
Let t(a) = 3*a**3 - 44*a**2 + 1311*a + 1351. Determine t(-1).
-7
Let j(o) = 2418*o**2 + 391715*o - 165. What is j(-162)?
-3
Let v(a) = -4*a**2 - 71*a + 1818. Determine v(-32).
-6
Let q(w) = -2286*w + 38078. What is q(17)?
-784
Let d(v) = -10*v**3 - 23*v**2 - 195*v - 311. Calculate d(-2).
67
Let j(t) = 20*t**2 - 75*t - 571. Calculate j(-6).
599
Let f(w) = w**2 - 845*w + 82097. What is f(112)?
1
Let i(j) = 39*j - 186. What is i(4)?
-30
Let u(f) = -f**2 + 246*f + 176692. What is u(561)?
-23
Let x(b) = 9783*b + 20330. Determine x(-2).
764
Let w(v) = 65*v**2 + 3967*v - 26152. Calculate w(6).
-10
Let s(j) = -52855*j + 369994. Determine s(7).
9
Let i(n) = -5*n**3 - 115*n**2 - 626*n + 29. What is i(-14)?
-27
Let c(b) = 19761*b + 316123. Determine c(-16).
-53
Let x(j) = -196443*j - 3535943. Determine x(-18).
31
Let y(l) = l**3 - 62*l**2 - 646*l + 225. Give y(71).
-272
Let c(v) = 3*v**3 - 2369*v**2 + 30288*v + 24. Give c(13).
-2
Let l(j) = 44*j**2 + 8598*j + 11995. Calculate l(-194).
-33
Let w(c) = -7*c**2 + 358*c + 760. Determine w(54).
-320
Let h(r) = -9549*r - 181469. Determine h(-19).
-38
Let g(d) = -433227*d - 25993626. What is g(-60)?
-6
Let k(j) = 20388*j - 550485. Determine k(27).
-9
Let d(p) = -394*p - 26126. Calculate d(-66).
-122
Let q(m) = 2*m**2 + 592*m - 35852. What is q(-348)?
340
Let i(s) = -989*s**2 - 179*s - 17. Calculate i(-1).
-827
Let f(k) = 1621*k - 8128. What is f(5)?
-23
Let g(q) = -224*q**2 - 42558*q + 314. What is g(-190)?
-66
Let k(h) = -2*h**2 +